 + 2*l - 11. Let h be b(8). What is the highest common divisor of h and k?
6
Let c be (-4)/1*(-16 - 0). Suppose 0 = 5*g - 3*v - c, -v + 3 = -2*v. Suppose u = -2*u + 33. What is the highest common divisor of g and u?
11
Suppose -o + 2*o - 3 = 0. Suppose 175 = -o*c + 8*c. What is the highest common divisor of 5 and c?
5
Let z = 6 - 4. Let v = 4 - z. What is the greatest common factor of 22 and v?
2
Let x = -3 + 75. What is the highest common divisor of 16 and x?
8
Let l = 17 + -12. Suppose -5*r + 5*d = -85, 3*d - 46 = -l*r + 7. What is the highest common divisor of r and 91?
13
Suppose r - 1 + 4 = 0. Let j be r/3*2 - -2. Suppose j*x - 22 = -x. Calculate the highest common divisor of 2 and x.
2
Let l(o) = o**3 + 12*o**2 + 12*o + 26. Let s be l(-11). What is the highest common divisor of 20 and s?
5
Suppose 5*z + 11 - 2 = 2*g, -2*z - 5 = -g. What is the highest common divisor of 35 and g?
7
Suppose 5*i - 13 = -m, -i - 13 = -m - 4*m. Let d(q) = 6*q + 1 - i*q - 4. Let o be d(3). Calculate the greatest common divisor of 6 and o.
3
Suppose 0 = -g - 5*g + 90. What is the greatest common factor of g and 30?
15
Let r = -21 + 42. Calculate the highest common factor of 105 and r.
21
Let d = 6 + -4. Suppose -d*i + 2 = 3*b, 4*b - 13 = 3*i + 1. Suppose 2 = b*r - 4. Calculate the highest common divisor of 15 and r.
3
Let o(y) = -y**3 - 5*y**2 + 1. Let g be o(-5). Suppose 2*r - g = -3. Let t be 1/r - (1 + -7). What is the greatest common factor of 15 and t?
5
Let b(z) = -z**2 + 11*z - 6. Let m be b(9). Let q = 13 + -5. What is the greatest common divisor of q and m?
4
Suppose h + 5*y - 112 = -h, 2*y + 47 = h. Suppose -2*l = -t + 4*t - 33, 0 = 5*l - 3*t - h. Calculate the greatest common factor of l and 84.
12
Let p = 43 - 22. Let t = p + -13. What is the highest common divisor of 12 and t?
4
Suppose -10*y - 4 = -12*y. What is the highest common factor of y and 5?
1
Let j(a) = a**2 - a. Let z be j(-4). Calculate the greatest common factor of 60 and z.
20
Let a(h) = 2*h**3 - 5*h**2 - 6*h - 5. Let d be a(5). Suppose -u + d = u. Calculate the greatest common divisor of u and 5.
5
Let j be (-367)/(-1) + 5 + -4. Suppose 110 = 2*x - 2*m - 138, -3*x + 4*m + j = 0. What is the highest common factor of x and 16?
16
Let f = -22 + 42. Calculate the highest common divisor of 140 and f.
20
Let c = 3 - 1. Suppose c*x + 2 = 12. Let m be 416/14 - (-4)/14. Calculate the highest common factor of m and x.
5
Let x(q) = -3*q**2 + 4*q**2 + 2*q + 3*q**2. Let b be x(2). Suppose 2*l - 28 = b. What is the highest common factor of l and 12?
12
Let a be 23 - (1 + 2 - 2). Let g be (-1*22*-1)/2. Calculate the greatest common factor of a and g.
11
Let n be (-1*2 - -6) + -1. Let z(p) = -p**3 - 2*p**2 + 12*p. Let a be z(-5). Let u = a - n. Calculate the highest common divisor of u and 108.
12
Suppose -u = 3*u. Suppose -4*r - r - 3*c + 100 = u, -5*r + c + 100 = 0. Let f be 1/(21/r + -1). Calculate the greatest common divisor of 80 and f.
20
Let n(j) = j**3 - 7*j**2 + 6*j + 2. Let w be n(6). Suppose -w*y + 13 + 3 = 0. What is the greatest common factor of y and 88?
8
Let o(z) = 14*z - 9*z**2 + 8 - 2*z + 8*z**2. Let t be o(6). Calculate the highest common divisor of t and 66.
22
Let q = -42 + 78. What is the greatest common factor of q and 54?
18
Let z = 116 + 10. What is the greatest common factor of 18 and z?
18
Let b(z) = 0*z**2 + 3*z**2 - z**3 - 3*z - 9 - 9*z**2. Let c be b(-6). Suppose 2*h + 36 = 6*h. Calculate the highest common divisor of c and h.
9
Let o = 338 + -185. Calculate the greatest common divisor of o and 17.
17
Let z = -13 - -7. Let k(h) = h**2 + 11*h - 5. Let v be k(z). Let f = 21 - v. What is the greatest common divisor of f and 7?
7
Let g(q) = q**3 + 8*q**2 - 8*q - 12. Let i be g(-9). Let m be 19/(-2)*4/(-1). Let h = i + m. What is the greatest common divisor of 17 and h?
17
Suppose 4*g + 136 = z + z, 3*g + 69 = z. Calculate the highest common divisor of 6 and z.
6
Let h be (2/4)/(8/688). Calculate the greatest common divisor of 129 and h.
43
Let l(y) = 2*y - 7. Let k(d) = d**3 + 6*d**2 + 7*d + 7. Let h be k(-5). Let b = h + 11. Let i be l(b). What is the highest common divisor of 18 and i?
9
Let f = -4 - 43. Let k be 15*(8/(-3) + 1). Let v = k - f. Calculate the highest common factor of 55 and v.
11
Suppose 85*j - 1456 = 78*j. What is the greatest common divisor of 16 and j?
16
Let d = -15 - -25. Let j be (-3 + d)*(-1 - -2). Calculate the greatest common factor of j and 1.
1
Suppose -5*t = -v - 1, -v + 41 = -3*v - 3*t. Let d = 26 + v. Let b be (3 + -6)*1*-5. What is the highest common factor of d and b?
5
Let v(m) = 2*m**2 - 3*m + 2. Let h be v(2). Let o = 270 + -258. Calculate the highest common factor of h and o.
4
Suppose -t = -4*j + 106, -2*t + t + 128 = 5*j. Let d = j - 15. Calculate the greatest common factor of 22 and d.
11
Let b = -26 + 47. Suppose -2*h + b = 4*o - 7, o = -2*h + 16. Let d be 110/h - 3/9. What is the greatest common factor of 45 and d?
9
Suppose 2*s - 14 = -c, -5*s + 10*s = -2*c + 29. Let n = -70 + 166. Calculate the highest common divisor of c and n.
12
Let f = 57 - 56. What is the greatest common factor of 1 and f?
1
Let u(z) = -4*z + 12. Let r be u(-9). Suppose 4*q + p = -94, -4*q = -4*p + r + 36. Let h = q - -44. What is the greatest common divisor of 14 and h?
7
Let x = -3 + 5. Let l be ((-1)/x)/(1/(-4)). Suppose -4*y + 117 = -l*a - 19, -3*a = 3*y - 84. Calculate the highest common divisor of y and 16.
16
Let z(f) = 2*f. Let l be z(-6). Let k = -7 - l. What is the highest common divisor of k and 25?
5
Let m be (-530)/(-8) + (-2)/8. Let u = -32 - -54. Calculate the highest common divisor of u and m.
22
Let s be (-6)/(-10) - (-573)/(-5). Let v be (s/(-4))/(1/2). Suppose 0*p - 3*p = 2*b - v, p = b - 16. What is the greatest common factor of 7 and b?
7
Let x = -218 + 373. Suppose -11 = w + 4*k - x, 2*w - 5*k = 249. What is the highest common factor of 12 and w?
12
Suppose 3 = z, -3*z - z + 312 = 4*q. Calculate the highest common divisor of q and 30.
15
Let h(z) = -z**3 - 6*z**2 + z + 3. Let k be h(-6). Let r be ((-6)/5)/(k/15). Calculate the greatest common factor of 2 and r.
2
Let r = -10 + 25. Let s be (28/8)/7*-14. Let n be 1888/14 + (-1)/s. What is the greatest common factor of r and n?
15
Let r be (-9)/6*(-102)/9. Let w(p) = 6*p**2. Let d be w(1). Suppose d*s - 2*s = 136. Calculate the highest common factor of r and s.
17
Suppose 200 - 22 = 5*b + j, 3*b - 102 = -3*j. Suppose 1 = 5*h - 4. Let d be h - (2 + -13)/1. What is the highest common divisor of b and d?
12
Let f = 270 - 186. Let c be ((-7)/(-4))/(3/24). Calculate the greatest common divisor of f and c.
14
Suppose 3*c + 37 = 2*y - 38, 0 = 5*y - c - 168. Calculate the highest common factor of 3 and y.
3
Suppose j = 4*j - 9. Suppose j*r + 6 - 25 = -2*p, -p = 3*r - 2. What is the greatest common factor of p and 17?
17
Suppose -7 = -y + 6. Let a = 12 - -79. Calculate the greatest common factor of y and a.
13
Let a(m) = m**2 - m - 1. Let d be a(-1). Suppose 23 = 2*s - 0*s - 5*g, -5*g = 3*s + 28. Let z be d - s - 0/1. Calculate the highest common divisor of 10 and z.
2
Let s be 3 + (-6)/3 + 0. What is the greatest common divisor of 9 and s?
1
Suppose -5*o + 10 = -5. Suppose 0 = o*p + 10 - 40. What is the greatest common divisor of p and 40?
10
Suppose -5*n - 3*o + 18 = -8*n, 0 = 3*n - 5*o + 26. Let t(i) = -16*i**3. Let w be t(n). What is the greatest common divisor of 16 and w?
16
Let x(l) be the third derivative of -l**4/8 + 3*l**2. Let o be x(-2). Calculate the greatest common factor of 30 and o.
6
Let s = -6 + 18. Suppose -5*w + 2*w + 11 = 2*v, v = w - 2. Calculate the greatest common factor of s and w.
3
Let i(d) be the third derivative of 0*d + 0 - 1/12*d**5 - 1/120*d**6 + 3*d**2 + 1/3*d**4 - d**3. Let g be i(-7). What is the greatest common divisor of 4 and g?
4
Let b(u) = u**2 - 3*u + 2. Let o be b(2). Suppose 0*m - 2*m = o. Suppose -q + 40 = -m*q. What is the highest common divisor of 10 and q?
10
Suppose -5*b + 86 = 2*w, 4*w - 34 = -2*b + 3*w. What is the greatest common factor of 144 and b?
18
Let t(b) = -7*b. Let w be t(-2). Let q = w - 6. What is the greatest common factor of q and 12?
4
Suppose -f - 8*a = -3*a - 6, -a = -3*f + 18. Calculate the highest common factor of 12 and f.
